{"id":20,"date":"2016-12-05T19:43:38","date_gmt":"2016-12-05T18:43:38","guid":{"rendered":"http:\/\/www.prodnarz.com.pl\/index.php\/oferta\/"},"modified":"2025-07-18T10:51:23","modified_gmt":"2025-07-18T08:51:23","slug":"oferta","status":"publish","type":"page","link":"http:\/\/www.prodnarz.com.pl\/index.php\/oferta\/","title":{"rendered":"Mo\u017cliwo\u015bci techniczne firmy"},"content":{"rendered":"<p><span style=\"font-family: Verdana;\">Obr\u00f3bka maszynowa:<\/span><\/p>\n<ul>\n<li><span style=\"font-family: Verdana;\">Toczenie w zakresie \u2205600x1400mm (\u2205800x300mm)<\/span><\/li>\n<li>Szlifowanie p\u0142aszczyzn w zakresie 500x1200mm<\/li>\n<li>Szlifowanie otwor\u00f3w w zakresie\u00a0<span style=\"font-family: Verdana;\">\u2205315x300mm<\/span><\/li>\n<li>Szlifowanie wa\u0142k\u00f3w w zakresie\u00a0<span style=\"font-family: Verdana;\">\u2205250x900mm<\/span><\/li>\n<li>Szlifowanie gwint\u00f3w \u015blimak\u00f3w do m=6<\/li>\n<li>Wytaczanie, planowanie, frezowanie gabaryt\u00f3w 1400x1600x1500mm<\/li>\n<li>Wiercenie, wytaczanie wsp\u00f3\u0142rz\u0119dno\u015bciowe w zakresie 1000x2000mm<\/li>\n<li>Dr\u0105\u017cenie elektroerozyjne wg\u0142\u0119bne<\/li>\n<li>T\u0142oczenie, wykrawanie<\/li>\n<li>Ostrzenie narz\u0119dzi<\/li>\n<\/ul>\n<p>Obr\u00f3bka cieplna i cieplno-chemiczna:<\/p>\n<ul>\n<li>Hartowanie, ulepszanie cieplne<\/li>\n<li>Hartowanie stali narz\u0119dziowych i szybkotn\u0105cych w piecach solnych<\/li>\n<li>Naw\u0119glanie, azotowanie, czernienie<\/li>\n<\/ul>\n<p>Park maszynowy:<\/p>\n<ul>\n<li>Frezarki zwyk\u0142e i sterowane numerycznie<\/li>\n<li>Wiertarki wsp\u00f3\u0142rz\u0119dno\u015bciowe<\/li>\n<li>Wytaczatko-frezarki<\/li>\n<li>Szlifierki do wa\u0142k\u00f3w, otwor\u00f3w, p\u0142aszczyzn i gwint\u00f3w<\/li>\n<li>Tokarki w szerokim zakresie \u015bredniej d\u0142ugo\u015bci w tym sterowane numerycznie<\/li>\n<li>D\u0142utownica<\/li>\n<li>Obrabiarki do ostrzenia narz\u0119dzi<\/li>\n<\/ul>\n","protected":false},"excerpt":{"rendered":"<p>Obr\u00f3bka maszynowa: Toczenie w zakresie \u2205600x1400mm (\u2205800x300mm) Szlifowanie p\u0142aszczyzn w zakresie 500x1200mm Szlifowanie otwor\u00f3w w zakresie\u00a0\u2205315x300mm Szlifowanie wa\u0142k\u00f3w w zakresie\u00a0\u2205250x900mm Szlifowanie gwint\u00f3w \u015blimak\u00f3w do m=6 Wytaczanie, planowanie, frezowanie gabaryt\u00f3w 1400x1600x1500mm Wiercenie, wytaczanie wsp\u00f3\u0142rz\u0119dno\u015bciowe w zakresie 1000x2000mm Dr\u0105\u017cenie elektroerozyjne wg\u0142\u0119bne T\u0142oczenie, wykrawanie Ostrzenie narz\u0119dzi Obr\u00f3bka cieplna i cieplno-chemiczna: Hartowanie, ulepszanie cieplne Hartowanie stali narz\u0119dziowych i szybkotn\u0105cych &hellip; <a href=\"http:\/\/www.prodnarz.com.pl\/index.php\/oferta\/\" class=\"more-link\">Czytaj dalej <span class=\"screen-reader-text\">Mo\u017cliwo\u015bci techniczne firmy<\/span> <span class=\"meta-nav\">&rarr;<\/span><\/a><\/p>\n","protected":false},"author":1,"featured_media":0,"parent":0,"menu_order":2,"comment_status":"closed","ping_status":"closed","template":"","meta":{"footnotes":""},"class_list":["post-20","page","type-page","status-publish","hentry"],"_links":{"self":[{"href":"http:\/\/www.prodnarz.com.pl\/index.php\/wp-json\/wp\/v2\/pages\/20","targetHints":{"allow":["GET"]}}],"collection":[{"href":"http:\/\/www.prodnarz.com.pl\/index.php\/wp-json\/wp\/v2\/pages"}],"about":[{"href":"http:\/\/www.prodnarz.com.pl\/index.php\/wp-json\/wp\/v2\/types\/page"}],"author":[{"embeddable":true,"href":"http:\/\/www.prodnarz.com.pl\/index.php\/wp-json\/wp\/v2\/users\/1"}],"replies":[{"embeddable":true,"href":"http:\/\/www.prodnarz.com.pl\/index.php\/wp-json\/wp\/v2\/comments?post=20"}],"version-history":[{"count":3,"href":"http:\/\/www.prodnarz.com.pl\/index.php\/wp-json\/wp\/v2\/pages\/20\/revisions"}],"predecessor-version":[{"id":390,"href":"http:\/\/www.prodnarz.com.pl\/index.php\/wp-json\/wp\/v2\/pages\/20\/revisions\/390"}],"wp:attachment":[{"href":"http:\/\/www.prodnarz.com.pl\/index.php\/wp-json\/wp\/v2\/media?parent=20"}],"curies":[{"name":"wp","href":"https:\/\/api.w.org\/{rel}","templated":true}]}}